 + 11, 36 = q*i + 4*o. What are the prime factors of i?
7
Let k = 12 + -17. What are the prime factors of (-111)/k - (-16)/20?
23
Let b(t) = 10*t - 5. List the prime factors of b(5).
3, 5
Let z(q) = -q + 6. Let b be z(5). Suppose -b = -w + 1. Suppose -c + 10 = w. List the prime factors of c.
2
Let s = 49 + -29. What are the prime factors of s?
2, 5
Let t(o) = o**2 - o + 4. Suppose 3*p = 24 - 9. Let r be t(p). Suppose 3*w = -w + r. List the prime factors of w.
2, 3
Suppose -5*i + 9 = -1. Suppose g - i + 0 = 0. What are the prime factors of g?
2
Let a(j) be the third derivative of j**6/120 + j**5/20 - j**4/6 + j**3/2 + j**2. Suppose -2*d + 8 = -4*d. List the prime factors of a(d).
3
Suppose 8 = 4*x, t + 0*t + x - 140 = 0. Suppose 0 = 3*c + c + 5*w - 202, t = 3*c - 3*w. What are the prime factors of c?
2, 3
Let o(s) = 4*s**2 + 5*s - 7. List the prime factors of o(4).
7, 11
Let m(b) = -216*b + 3. What are the prime factors of m(-1)?
3, 73
Let k(q) be the second derivative of q**5/5 - q**4/3 + q**3/2 - q**2/2 + q. What are the prime factors of k(2)?
3, 7
What are the prime factors of 0/(-3) + 0 + 5?
5
Suppose -4*c - 2*q + 318 = -88, -q + 409 = 4*c. What are the prime factors of c?
103
Suppose q + 4 = 25. List the prime factors of q.
3, 7
Let w(j) = j**2 + j + 9. List the prime factors of w(0).
3
Let a(y) = -7*y**2 - 1. Let m be a(-1). Let k(z) = -z**2 - 9*z. What are the prime factors of k(m)?
2
What are the prime factors of (8 + -4)/(-4) + 54?
53
Let z(a) = 3*a**2 - 8*a + 9. What are the prime factors of z(6)?
3, 23
Let k(u) = u**3 - 9*u**2 + 5. Let a be k(9). Let r = a - 3. What are the prime factors of r?
2
Suppose -128 = -5*j + j. What are the prime factors of j?
2
Suppose -b + 3*b = 10. Suppose -b*k + 23 = -4*i, -i = -2*k + 2*i + 12. Suppose k*d = d + 16. What are the prime factors of d?
2
Let p(h) = -h + 8. Suppose 0 = 5*c + 5*t, -3*c + 7*t - 2*t = 0. Suppose 6*n - n = 5*b, c = -b + 3*n. What are the prime factors of p(b)?
2
Suppose -4*s + 0*s = -4*y - 4, -4*s + 20 = 0. Suppose -o - y*o = -20. Let x(i) = 4*i - 2. List the prime factors of x(o).
2, 7
Let w(g) = g**3 + 3*g**2 + 8*g + 14. List the prime factors of w(5).
2, 127
Suppose -15 = m - 0*m. What are the prime factors of m - -21 - (-1)/1?
7
Let a(h) = -h**3 + 6*h**2 - h + 3. Let q(m) = m**2 - 1. Let n(k) = a(k) - 6*q(k). Let z be n(0). List the prime factors of (-2 - 1)*(-21)/z.
7
Let h = 206 + -62. List the prime factors of h.
2, 3
Let h(b) = b**3 + 8*b**2 + 5*b - 10. Let m be h(-7). Suppose 4*o - 68 = -4*r, -2*r + o = m*o - 33. Suppose -x + r = x. List the prime factors of x.
3
Let c(b) = b**2 - 8*b + 3. Let j be c(8). Suppose -j*p + 56 = -p. Suppose p + 8 = 4*w. What are the prime factors of w?
3
Suppose -4*s - b + 180 = 0, -3*s + 3*b + 135 = -0*b. Suppose 0 = 2*d + v - s, 24 + 31 = 2*d - v. What are the prime factors of d?
5
Suppose -2*n - n - 2*c = -44, 0 = 5*c - 20. What are the prime factors of n?
2, 3
Let a = -6 + 6. Suppose a*r - 3*r - 174 = -5*t, 0 = -3*t + 4*r + 100. What are the prime factors of t?
2, 3
Suppose 4*o + 866 = 5*s, -5*s + 506 = -o - 363. List the prime factors of s.
2, 3, 29
Let s = -2 - -3. Let t be s/7 - 258/42. Let u(l) = -2*l - 1. List the prime factors of u(t).
11
Suppose 0 = 2*w + 2*w + 76. Let j = w - -27. What are the prime factors of j?
2
Let m(o) be the first derivative of 2*o**3/3 + o**2/2 - 4*o - 2. Suppose w = 5*u + 16, 0*w + 2*w - 14 = 4*u. What are the prime factors of m(u)?
11
Suppose -2*x = 2 - 56. Let a(g) = -g**3 + 3*g**2 + 3*g - 3. Let t be a(3). Suppose 2*d = t, 10 = 4*r - d - x. What are the prime factors of r?
2, 5
Let n = 18 - -28. What are the prime factors of n?
2, 23
Suppose 0 = -0*j + 3*j - 63. Let c = j + -6. Suppose 0 = 3*x + c, 5*k - 43 = 4*x + 17. List the prime factors of k.
2
Suppose 20 = 4*f + 8. Suppose 4*v = -a - f, v - 17 = -3*a + 2*v. List the prime factors of a.
5
Let x be -31 - (-7)/((-7)/2). What are the prime factors of (-1 - (x + -2)) + -2?
2
Let b = 6 - 14. Suppose 3*v - 2*x - 35 = 2*x, 0 = -4*v + 3*x + 49. Let p = v + b. What are the prime factors of p?
5
Let a(w) = w**3 + 4*w**2 + 2*w + 3. Let o be a(-3). Suppose 0 = 5*j + 3*g - 83, -2 = -5*j + 5*g + 73. Let f = j - o. List the prime factors of f.
2, 5
Suppose 4 = g - 5*g. Let p = g + 0. Let y = 4 + p. List the prime factors of y.
3
Let l(u) = -u**3 - 3*u**2 - u - 3. Let j be l(-3). Suppose -5*w = -0*w + 15. Let f = j - w. What are the prime factors of f?
3
Let q = -10 + 9. Let j be q/4*2*0. Suppose -o + 3*g - 7 = j, 6 = 4*o - g - 21. What are the prime factors of o?
2
Let c(t) = 31*t. What are the prime factors of c(3)?
3, 31
Suppose 2*a + u - 51 = 0, -5*a + 2*u = -0*a - 132. What are the prime factors of a?
2, 13
Let r be (-6)/(-4) + (-9)/6. Suppose -4*b + 20 = -3*g, r*b - 4 = -4*b - g. Suppose -37 = -b*z - 3*o - 11, -2*z = -3*o - 26. What are the prime factors of z?
13
List the prime factors of (-354)/(-9) + (-8)/6.
2, 19
Suppose -58 = -m - 2*u, 19 = 2*m + 3*u - 100. What are the prime factors of m?
2
Let k = 40 - 10. What are the prime factors of k?
2, 3, 5
Let q = 31 - -43. List the prime factors of q.
2, 37
Suppose -5 - 20 = -5*n. List the prime factors of n.
5
Suppose 7*i - 379 = 188. What are the prime factors of i?
3
Let k = -6 + 4. Let g(a) = 2*a**3 + a**2 - 2*a + 1. Let n be g(k). Let i = n - -19. List the prime factors of i.
2, 3
Suppose -a + 15 + 1 = 0. List the prime factors of a.
2
Suppose 3436 - 1164 = 8*i. What are the prime factors of i?
2, 71
Let o = -9 - -13. Suppose 0 = -5*z + 11 + o. What are the prime factors of z?
3
Suppose 5*m - 335 = -5*k, 3*k - 3*m - 176 = -m. List the prime factors of k.
2, 31
Let t = 95 + -59. What are the prime factors of t?
2, 3
Let w = -68 - -101. List the prime factors of w.
3, 11
Let r = -9 - -2. Let s(j) = -j**3 - 8*j**2 - 10*j - 9. List the prime factors of s(r).
2, 3
Let u = 16 + 66. What are the prime factors of u?
2, 41
Suppose -5*z - c = -24, 8*z - 3*z - c = 16. Let k(p) = -p**3 + 3*p**2 + 4*p + 5. Let w be k(z). Let d(y) = -y**3 + 6*y**2 - 7. List the prime factors of d(w).
2, 3
Suppose 3*w - 3*i - 9 = 12, 5*i = -4*w + 19. Let g be w/1*(-1)/2. What are the prime factors of g/(3/(-4)*1)?
2
Let m(s) = -1 + 1 + 2 - 5*s - 1. List the prime factors of m(-1).
2, 3
Let i = 43 + 20. List the prime factors of i.
3, 7
Let d = 99 + -36. What are the prime factors of d?
3, 7
List the prime factors of (-4)/((-32)/(-62))*-4.
31
Let n(z) = -z**2 - z - 7. Let i be n(0). Suppose 22 = 2*k - 2*q, 5*k = -3*q - 12 + 67. Let f = k + i. List the prime factors of f.
2
Let k(t) = 8*t - 11. What are the prime factors of k(7)?
3, 5
Let b be 4/(2/1) - 17. Let i be (-15)/6*18/b. Suppose -5*l + 85 = -2*q - 0*q, 4*l - 91 = -i*q. What are the prime factors of l?
19
Let u(g) be the first derivative of g**6/120 + g**5/60 + 4*g**3/3 - g**2/2 + 1. Let t(d) be the second derivative of u(d). List the prime factors of t(0).
2
Let d = 2 + -2. Let u(l) = -l**3 - l**2 - l + 3. What are the prime factors of u(d)?
3
Let r(z) = z**3 + 7*z**2 + z + 10. Let f be r(-7). Let x = -38 - -57. Suppose -f*y + x = -44. List the prime factors of y.
3, 7
Suppose l = -m + 6, l - 4*m = -m + 2. Let s = 18 - l. What are the prime factors of s?
13
List the prime factors of 30/9*18/(-2 - -4).
2, 3, 5
Let d = 156 - 111. List the prime factors of d.
3, 5
Suppose -i + 4*i = j + 1890, -i = 2*j - 630. Let o be 2/10 + i/(-25). Let l = -12 - o. What are the prime factors of l?
13
Suppose 5*o - 25 = -5. Suppose -c = o*c - 85. List the prime factors of c.
17
Suppose 11*t - 65 = 6*t. Let g = t - -1. What are the prime factors of g?
2, 7
Suppose 0*r - 44 = -2*r. List the prime factors of r.
2, 11
Let j = 53 + -30. List the prime factors of j.
23
Let f(m) = 8*m**2 - 2*m - 3. What are the prime factors of f(-3)?
3, 5
Let q be 0 + 6/(-2) - -4. What are the prime factors of 0/(3/q) - -7?
7
Let g(x) = -x**3 + 3*x**2 + 2*x - 1. What are the prime factors of g(-2)?
3, 5
List the prime factors of ((-4)/(-6))/((-34)/(-6069)).
7, 17
Suppose -8*k + 3*f = -3*k + 426, 5*f = -15. List the prime factors of (-1)/(k/(-45) + -2).
3, 5
Let p(j) = j**3 - 11*j**2 + j - 6. What are the prime factors of p(11)?
5
Let u = 6 + 16. Let r = 39 - u. What are the prime factors of r?
17
Let m = 202 - 146. Li